{"id":9494,"date":"2023-08-31T11:29:46","date_gmt":"2023-08-31T09:29:46","guid":{"rendered":"https:\/\/www.alliances-celestes.com\/?post_type=mec-events&#038;p=9494"},"modified":"2023-08-31T11:34:20","modified_gmt":"2023-08-31T09:34:20","slug":"sorties-451-420-696-973-698-943-699-295-471-570-404-391-115-648-281-223-725","status":"publish","type":"mec-events","link":"https:\/\/www.alliances-celestes.com\/es\/events\/sorties-451-420-696-973-698-943-699-295-471-570-404-391-115-648-281-223-725\/","title":{"rendered":"Excursi\u00f3n - Activaci\u00f3n de los puntos energ\u00e9ticos de la \"antigua Niza"},"content":{"rendered":"<p><img fetchpriority=\"high\" decoding=\"async\" class=\"size-medium wp-image-1984 aligncenter\" src=\"https:\/\/www.alliances-celestes.com\/wp-content\/uploads\/2022\/03\/QMF-2-300x300.png\" alt=\"\" width=\"300\" height=\"300\" srcset=\"https:\/\/www.alliances-celestes.com\/wp-content\/uploads\/2022\/03\/QMF-2-300x300.png 300w, https:\/\/www.alliances-celestes.com\/wp-content\/uploads\/2022\/03\/QMF-2-100x100.png 100w, https:\/\/www.alliances-celestes.com\/wp-content\/uploads\/2022\/03\/QMF-2-600x600.png 600w, https:\/\/www.alliances-celestes.com\/wp-content\/uploads\/2022\/03\/QMF-2-150x150.png 150w, https:\/\/www.alliances-celestes.com\/wp-content\/uploads\/2022\/03\/QMF-2-768x768.png 768w, https:\/\/www.alliances-celestes.com\/wp-content\/uploads\/2022\/03\/QMF-2-1024x1024.png 1024w, https:\/\/www.alliances-celestes.com\/wp-content\/uploads\/2022\/03\/QMF-2-500x500.png 500w, https:\/\/www.alliances-celestes.com\/wp-content\/uploads\/2022\/03\/QMF-2-1536x1536.png 1536w, https:\/\/www.alliances-celestes.com\/wp-content\/uploads\/2022\/03\/QMF-2-12x12.png 12w, https:\/\/www.alliances-celestes.com\/wp-content\/uploads\/2022\/03\/QMF-2-480x480.png 480w, https:\/\/www.alliances-celestes.com\/wp-content\/uploads\/2022\/03\/QMF-2-592x592.png 592w, https:\/\/www.alliances-celestes.com\/wp-content\/uploads\/2022\/03\/QMF-2-240x240.png 240w, https:\/\/www.alliances-celestes.com\/wp-content\/uploads\/2022\/03\/QMF-2.png 1700w\" sizes=\"(max-width: 300px) 100vw, 300px\" \/><\/p>\n<h2 style=\"text-align: center;\"><u><strong> Activaci\u00f3n de centros de alta energ\u00eda en colaboraci\u00f3n activa con gal\u00e1cticos ben\u00e9volos.<\/strong><\/u><\/h2>\n<h3>Hacia la dimensi\u00f3n superior de la conciencia-densidad: Nuevas revelaciones para 2023-2024.<\/h3>\n<h4>\u00a0Gracias a recientes descubrimientos cartogr\u00e1ficos y a testimonios serios, existen c\u00fapulas fuente y arcos de luz que nos permiten explorar ciertas dimensiones cu\u00e1nticas de la conciencia e interactuar con nuestro futuro luminoso.<\/h4>\n<p>&nbsp;<\/p>\n<h5 align=\"JUSTIFY\">Los secretos simb\u00f3licos de la misteriosa Niza antigua (visita guiada)...<\/h5>\n<h5 align=\"JUSTIFY\"><span lang=\"fr-FR\"><i>BASILICA NOTRE DAME DE L'ASSOMPTION , a continuaci\u00f3n <\/i><\/span>La colina del castillo (antigua Niza, yacimiento arqueol\u00f3gico) y sus misterios <span lang=\"fr-FR\"> el Monasterio de Cimiez <\/span><\/h5>\n<h5 align=\"JUSTIFY\"><i><span lang=\"fr-FR\">Le <\/span><span lang=\"fr-FR\"> El Monast\u00e8re de Cimiez es un monasterio franciscano situado en la colina de Cimiez, en Niza, y construido sobre la base de la capilla de Notre-Dame de Cimiez, edificada por los monjes benedictinos de la abad\u00eda de Saint-Pons, mencionada por primera vez en 1010. <\/span><\/i><\/h5>\n<h5><a href=\"https:\/\/www.google.com\/search?client=firefox-b-d&amp;sca_esv=560490409&amp;q=monast\u00e8re+de+cimiez+adresse&amp;ludocid=16304231979086440836&amp;sa=X&amp;ved=2ahUKEwjduMa--fyAAxVOa6QEHd6-Ae8Q6BN6BAhLEAI\">Direcci\u00f3n<\/a><span lang=\"fr-FR\"><i>\u00a0Place Jean-Paul II Pape, 06000 Niza<\/i><\/span><\/h5>\n<h5 lang=\"fr-FR\"><i>Encuentro entre las 10h y las 10h30 BASILIQUE NOTRE DAME DE L'ASSOMPTION <\/i><i>Avenue Nicolas-II NICE<\/i><\/h5>\n<h5 lang=\"fr-FR\"><i>Aparcamiento m\u00e1s cercano Parking Nice \u00c9toile Bd Dubouchage, 06000 Niza<\/i><\/h5>\n<h5><i>Zapatos para caminar, picnic, cristal de cuarzo opcional<\/i><\/h5>\n<h5 align=\"JUSTIFY\"><i>Contribuci\u00f3n a los gastos de organizaci\u00f3n: 20 euros por persona y d\u00eda<\/i><\/h5>\n<h5><\/h5>\n<h5 align=\"left\"><\/h5>\n<p>&nbsp;<\/p>\n<p>&nbsp;<\/p>\n<p style=\"text-align: center;\" align=\"left\"><a href=\"https:\/\/www.isa-vision.com\"><input id=\"boutondesign\" type=\"button\" value=\"M\u00e1s informaci\u00f3n\" \/><\/a><\/p>","protected":false},"excerpt":{"rendered":"<p>Activaciones de lugares elevados de energ\u00eda en colaboraci\u00f3n activa con gal\u00e1cticos ben\u00e9volos. Hacia la dimensi\u00f3n superior de la conciencia-densidad: Nuevas revelaciones para 2023-2024.  Gracias a los descubrimientos cartogr\u00e1ficos<a href=\"https:\/\/www.alliances-celestes.com\/es\/events\/sorties-451-420-696-973-698-943-699-295-471-570-404-391-115-648-281-223-725\/\" class=\"more-link\"><span class=\"more-button\">Seguir leyendo<span class=\"screen-reader-text\">Excursi\u00f3n - Activaci\u00f3n de los puntos energ\u00e9ticos de la \"antigua Niza<\/span><\/span><\/a><\/p>","protected":false},"author":2,"featured_media":0,"comment_status":"closed","ping_status":"closed","template":"","tags":[],"mec_category":[],"class_list":["post-9494","mec-events","type-mec-events","status-publish","hentry"],"_links":{"self":[{"href":"https:\/\/www.alliances-celestes.com\/es\/wp-json\/wp\/v2\/mec-events\/9494","targetHints":{"allow":["GET"]}}],"collection":[{"href":"https:\/\/www.alliances-celestes.com\/es\/wp-json\/wp\/v2\/mec-events"}],"about":[{"href":"https:\/\/www.alliances-celestes.com\/es\/wp-json\/wp\/v2\/types\/mec-events"}],"author":[{"embeddable":true,"href":"https:\/\/www.alliances-celestes.com\/es\/wp-json\/wp\/v2\/users\/2"}],"replies":[{"embeddable":true,"href":"https:\/\/www.alliances-celestes.com\/es\/wp-json\/wp\/v2\/comments?post=9494"}],"wp:attachment":[{"href":"https:\/\/www.alliances-celestes.com\/es\/wp-json\/wp\/v2\/media?parent=9494"}],"wp:term":[{"taxonomy":"post_tag","embeddable":true,"href":"https:\/\/www.alliances-celestes.com\/es\/wp-json\/wp\/v2\/tags?post=9494"},{"taxonomy":"mec_category","embeddable":true,"href":"https:\/\/www.alliances-celestes.com\/es\/wp-json\/wp\/v2\/mec_category?post=9494"}],"curies":[{"name":"wp","href":"https:\/\/api.w.org\/{rel}","templated":true}]}}

Excursión - Activación de los puntos energéticos de la "antigua Niza

<p><img fetchpriority="high" decoding="async" class="size-medium wp-image-1984 aligncenter" src="https://www.alliances-celestes.com/wp-content/uploads/2022/03/QMF-2-300x300.png" alt="" width="300" height="300" srcset="https://www.alliances-celestes.com/wp-content/uploads/2022/03/QMF-2-300x300.png 300w, https://www.alliances-celestes.com/wp-content/uploads/2022/03/QMF-2-100x100.png 100w, https://www.alliances-celestes.com/wp-content/uploads/2022/03/QMF-2-600x600.png 600w, https://www.alliances-celestes.com/wp-content/uploads/2022/03/QMF-2-150x150.png 150w, https://www.alliances-celestes.com/wp-content/uploads/2022/03/QMF-2-768x768.png 768w, https://www.alliances-celestes.com/wp-content/uploads/2022/03/QMF-2-1024x1024.png 1024w, https://www.alliances-celestes.com/wp-content/uploads/2022/03/QMF-2-500x500.png 500w, https://www.alliances-celestes.com/wp-content/uploads/2022/03/QMF-2-1536x1536.png 1536w, https://www.alliances-celestes.com/wp-content/uploads/2022/03/QMF-2-12x12.png 12w, https://www.alliances-celestes.com/wp-content/uploads/2022/03/QMF-2-480x480.png 480w, https://www.alliances-celestes.com/wp-content/uploads/2022/03/QMF-2-592x592.png 592w, https://www.alliances-celestes.com/wp-content/uploads/2022/03/QMF-2-240x240.png 240w, https://www.alliances-celestes.com/wp-content/uploads/2022/03/QMF-2.png 1700w" sizes="(max-width: 300px) 100vw, 300px" /></p>
<h2 style="text-align: center;"><u><strong> Activación de centros de alta energía en colaboración activa con galácticos benévolos.</strong></u></h2>
<h3>Hacia la dimensión superior de la conciencia-densidad: Nuevas revelaciones para 2023-2024.</h3>
<h4> Gracias a recientes descubrimientos cartográficos y a testimonios serios, existen cúpulas fuente y arcos de luz que nos permiten explorar ciertas dimensiones cuánticas de la conciencia e interactuar con nuestro futuro luminoso.</h4>
<p>&nbsp;</p>
<h5 align="JUSTIFY">Los secretos simbólicos de la misteriosa Niza antigua (visita guiada)...</h5>
<h5 align="JUSTIFY"><span lang="fr-FR"><i>BASILICA NOTRE DAME DE L'ASSOMPTION , a continuación </i></span>La colina del castillo (antigua Niza, yacimiento arqueológico) y sus misterios <span lang="fr-FR"> el Monasterio de Cimiez </span></h5>
<h5 align="JUSTIFY"><i><span lang="fr-FR">Le </span><span lang="fr-FR"> El Monastère de Cimiez es un monasterio franciscano situado en la colina de Cimiez, en Niza, y construido sobre la base de la capilla de Notre-Dame de Cimiez, edificada por los monjes benedictinos de la abadía de Saint-Pons, mencionada por primera vez en 1010. </span></i></h5>
<h5><a href="https://www.google.com/search?client=firefox-b-d&amp;sca_esv=560490409&amp;q=monastère+de+cimiez+adresse&amp;ludocid=16304231979086440836&amp;sa=X&amp;ved=2ahUKEwjduMa--fyAAxVOa6QEHd6-Ae8Q6BN6BAhLEAI">Dirección</a><span lang="fr-FR"><i> Place Jean-Paul II Pape, 06000 Niza</i></span></h5>
<h5 lang="fr-FR"><i>Encuentro entre las 10h y las 10h30 BASILIQUE NOTRE DAME DE L'ASSOMPTION </i><i>Avenue Nicolas-II NICE</i></h5>
<h5 lang="fr-FR"><i>Aparcamiento más cercano Parking Nice Étoile Bd Dubouchage, 06000 Niza</i></h5>
<h5><i>Zapatos para caminar, picnic, cristal de cuarzo opcional</i></h5>
<h5 align="JUSTIFY"><i>Contribución a los gastos de organización: 20 euros por persona y día</i></h5>
<h5></h5>
<h5 align="left"></h5>
<p>&nbsp;</p>
<p>&nbsp;</p>
<p style="text-align: center;" align="left"><a href="https://www.isa-vision.com"><input id="boutondesign" type="button" value="Más información" /></a></p>

<p>Activaciones de lugares elevados de energía en colaboración activa con galácticos benévolos. Hacia la dimensión superior de la conciencia-densidad: Nuevas revelaciones para 2023-2024.  Gracias a los descubrimientos cartográficos<a href="https://www.alliances-celestes.com/es/events/sorties-451-420-696-973-698-943-699-295-471-570-404-391-115-648-281-223-725/" class="more-link"><span class="more-button">Seguir leyendo<span class="screen-reader-text">Excursión - Activación de los puntos energéticos de la "antigua Niza</span></span></a></p>
