{"id":8179,"date":"2023-05-08T23:19:10","date_gmt":"2023-05-08T21:19:10","guid":{"rendered":"https:\/\/www.alliances-celestes.com\/?post_type=mec-events&#038;p=8179"},"modified":"2023-05-08T23:20:12","modified_gmt":"2023-05-08T21:20:12","slug":"sorties-451-420-696-973-698-943-699-295-471-570-404-391-115-648-281-223-437-251-959-693-294","status":"publish","type":"mec-events","link":"https:\/\/www.alliances-celestes.com\/es\/events\/sorties-451-420-696-973-698-943-699-295-471-570-404-391-115-648-281-223-437-251-959-693-294\/","title":{"rendered":"Excursi\u00f3n y Operaci\u00f3n EXOVISI\u00d3N en Pangea"},"content":{"rendered":"<p><img decoding=\"async\" class=\"size-medium wp-image-8184 aligncenter\" src=\"https:\/\/www.alliances-celestes.com\/wp-content\/uploads\/2023\/05\/EXOVISION-7-300x148.png\" alt=\"\" width=\"300\" height=\"148\" srcset=\"https:\/\/www.alliances-celestes.com\/wp-content\/uploads\/2023\/05\/EXOVISION-7-300x148.png 300w, https:\/\/www.alliances-celestes.com\/wp-content\/uploads\/2023\/05\/EXOVISION-7-600x296.png 600w, https:\/\/www.alliances-celestes.com\/wp-content\/uploads\/2023\/05\/EXOVISION-7-768x379.png 768w, https:\/\/www.alliances-celestes.com\/wp-content\/uploads\/2023\/05\/EXOVISION-7-1024x506.png 1024w, https:\/\/www.alliances-celestes.com\/wp-content\/uploads\/2023\/05\/EXOVISION-7-1536x759.png 1536w, https:\/\/www.alliances-celestes.com\/wp-content\/uploads\/2023\/05\/EXOVISION-7-18x9.png 18w, https:\/\/www.alliances-celestes.com\/wp-content\/uploads\/2023\/05\/EXOVISION-7-640x316.png 640w, https:\/\/www.alliances-celestes.com\/wp-content\/uploads\/2023\/05\/EXOVISION-7-100x49.png 100w, https:\/\/www.alliances-celestes.com\/wp-content\/uploads\/2023\/05\/EXOVISION-7.png 1909w\" sizes=\"(max-width: 300px) 100vw, 300px\" \/><\/p>\n<h3 style=\"text-align: center;\" align=\"left\"><span style=\"color: #ffffff;\"><strong>La Delegaci\u00f3n EXOVISION<\/strong><\/span> d'Alliances C\u00e9lestes France le invita a unirse a nosotros para la presentaci\u00f3n del <span style=\"color: #ffffff;\"><strong>C\u00f3digos firmados<\/strong> <\/span>por las almas bondadosas que han depositado su confianza en nosotros y por la <span style=\"color: #ffffff;\"><strong>Tratado de intenciones<\/strong><\/span> para que el Pueblo de Gaia sea en adelante escuchado y consultado por la Federaci\u00f3n y la Confederaci\u00f3n Gal\u00e1ctica sobre <span style=\"color: #ff9900;\"><strong><span style=\"color: #ffffff;\">24 de septiembre de 2023<\/span><span style=\"color: #000000;\">.<\/span><\/strong><\/span><\/h3>\n<p>&nbsp;<\/p>\n<h3 style=\"text-align: center;\">Esta presentaci\u00f3n tendr\u00e1 lugar en Francia, en La Baume-Cornillane, centro del antiguo continente unificado de Gaia:<\/h3>\n<h3 style=\"text-align: center;\">\u00a0 \u00a0 <strong>\u00a0<span style=\"color: #ffffff;\">Pangea.<\/span><\/strong><\/h3>\n<p>&nbsp;<\/p>\n<h3 align=\"left\"><img fetchpriority=\"high\" decoding=\"async\" class=\"size-medium wp-image-8182 aligncenter\" src=\"https:\/\/www.alliances-celestes.com\/wp-content\/uploads\/2023\/05\/la-pangee-300x218.jpg\" alt=\"\" width=\"300\" height=\"218\" srcset=\"https:\/\/www.alliances-celestes.com\/wp-content\/uploads\/2023\/05\/la-pangee-300x218.jpg 300w, https:\/\/www.alliances-celestes.com\/wp-content\/uploads\/2023\/05\/la-pangee-600x436.jpg 600w, https:\/\/www.alliances-celestes.com\/wp-content\/uploads\/2023\/05\/la-pangee-768x559.jpg 768w, https:\/\/www.alliances-celestes.com\/wp-content\/uploads\/2023\/05\/la-pangee-1024x745.jpg 1024w, https:\/\/www.alliances-celestes.com\/wp-content\/uploads\/2023\/05\/la-pangee-18x12.jpg 18w, https:\/\/www.alliances-celestes.com\/wp-content\/uploads\/2023\/05\/la-pangee-640x465.jpg 640w, https:\/\/www.alliances-celestes.com\/wp-content\/uploads\/2023\/05\/la-pangee-100x73.jpg 100w, https:\/\/www.alliances-celestes.com\/wp-content\/uploads\/2023\/05\/la-pangee.jpg 1100w\" sizes=\"(max-width: 300px) 100vw, 300px\" \/><\/h3>\n<p>&nbsp;<\/p>\n<h3 style=\"text-align: center;\" align=\"left\">Para apoyar esta presentaci\u00f3n oficial, Jean-Michel Raoux propone una fase preparatoria del 21 al 23 de septiembre de 2023.<\/h3>\n<p>&nbsp;<\/p>\n<p><img decoding=\"async\" class=\"size-medium wp-image-8181 aligncenter\" src=\"https:\/\/www.alliances-celestes.com\/wp-content\/uploads\/2023\/05\/la-pangee-centre-du-monde-300x225.jpg\" alt=\"\" width=\"300\" height=\"225\" srcset=\"https:\/\/www.alliances-celestes.com\/wp-content\/uploads\/2023\/05\/la-pangee-centre-du-monde-300x225.jpg 300w, https:\/\/www.alliances-celestes.com\/wp-content\/uploads\/2023\/05\/la-pangee-centre-du-monde-600x450.jpg 600w, https:\/\/www.alliances-celestes.com\/wp-content\/uploads\/2023\/05\/la-pangee-centre-du-monde-768x576.jpg 768w, https:\/\/www.alliances-celestes.com\/wp-content\/uploads\/2023\/05\/la-pangee-centre-du-monde-16x12.jpg 16w, https:\/\/www.alliances-celestes.com\/wp-content\/uploads\/2023\/05\/la-pangee-centre-du-monde-640x480.jpg 640w, https:\/\/www.alliances-celestes.com\/wp-content\/uploads\/2023\/05\/la-pangee-centre-du-monde-100x75.jpg 100w, https:\/\/www.alliances-celestes.com\/wp-content\/uploads\/2023\/05\/la-pangee-centre-du-monde.jpg 1024w\" sizes=\"(max-width: 300px) 100vw, 300px\" \/><\/p>\n<p>&nbsp;<\/p>\n<h5><span style=\"color: #ffffff;\"><strong>Del 21 al 23 de septiembre<\/strong><\/span> Programa ISA-VISION de Jean-Michel Raoux (programa en su p\u00e1gina web www.isa-vision.com)<\/h5>\n<p>&nbsp;<\/p>\n<h5 align=\"left\"><span style=\"color: #ffffff;\"><strong>Domingo 24 de septiembre <\/strong><\/span>EXOVISI\u00d3N d\u00eda<\/h5>\n<h5 align=\"left\">Cita entre la 1OHOO y la 1OH30 en La Baume-Cornillane (cerca de Valence)<\/h5>\n<p>&nbsp;<\/p>\n<h6><span style=\"color: #ffffff;\"><em>M\u00e1s informaci\u00f3n pr\u00f3ximamente<\/em><\/span><\/h6>\n<p>&nbsp;<\/p>\n<p style=\"text-align: center;\" align=\"left\"><a href=\"https:\/\/www.isa-vision.com\"><input id=\"boutondesign\" type=\"button\" value=\"M\u00e1s informaci\u00f3n\" \/><\/a><\/p>","protected":false},"excerpt":{"rendered":"<p>La D\u00e9l\u00e9gation EXOVISION d&rsquo;Alliances C\u00e9lestes France vous invite \u00e0 vous joindre \u00e0 la pr\u00e9sentation des Codex sign\u00e9s par les belles \u00e2mes qui nous ont fait confiance et du Trait\u00e9 d&rsquo;intention<a href=\"https:\/\/www.alliances-celestes.com\/es\/events\/sorties-451-420-696-973-698-943-699-295-471-570-404-391-115-648-281-223-437-251-959-693-294\/\" class=\"more-link\"><span class=\"more-button\">Seguir leyendo<span class=\"screen-reader-text\">Excursi\u00f3n y Operaci\u00f3n EXOVISI\u00d3N en Pangea<\/span><\/span><\/a><\/p>","protected":false},"author":2,"featured_media":0,"comment_status":"closed","ping_status":"closed","template":"","tags":[],"mec_category":[],"class_list":["post-8179","mec-events","type-mec-events","status-publish","hentry"],"_links":{"self":[{"href":"https:\/\/www.alliances-celestes.com\/es\/wp-json\/wp\/v2\/mec-events\/8179","targetHints":{"allow":["GET"]}}],"collection":[{"href":"https:\/\/www.alliances-celestes.com\/es\/wp-json\/wp\/v2\/mec-events"}],"about":[{"href":"https:\/\/www.alliances-celestes.com\/es\/wp-json\/wp\/v2\/types\/mec-events"}],"author":[{"embeddable":true,"href":"https:\/\/www.alliances-celestes.com\/es\/wp-json\/wp\/v2\/users\/2"}],"replies":[{"embeddable":true,"href":"https:\/\/www.alliances-celestes.com\/es\/wp-json\/wp\/v2\/comments?post=8179"}],"wp:attachment":[{"href":"https:\/\/www.alliances-celestes.com\/es\/wp-json\/wp\/v2\/media?parent=8179"}],"wp:term":[{"taxonomy":"post_tag","embeddable":true,"href":"https:\/\/www.alliances-celestes.com\/es\/wp-json\/wp\/v2\/tags?post=8179"},{"taxonomy":"mec_category","embeddable":true,"href":"https:\/\/www.alliances-celestes.com\/es\/wp-json\/wp\/v2\/mec_category?post=8179"}],"curies":[{"name":"wp","href":"https:\/\/api.w.org\/{rel}","templated":true}]}}

Excursión y Operación EXOVISIÓN en Pangea

<p><img decoding="async" class="size-medium wp-image-8184 aligncenter" src="https://www.alliances-celestes.com/wp-content/uploads/2023/05/EXOVISION-7-300x148.png" alt="" width="300" height="148" srcset="https://www.alliances-celestes.com/wp-content/uploads/2023/05/EXOVISION-7-300x148.png 300w, https://www.alliances-celestes.com/wp-content/uploads/2023/05/EXOVISION-7-600x296.png 600w, https://www.alliances-celestes.com/wp-content/uploads/2023/05/EXOVISION-7-768x379.png 768w, https://www.alliances-celestes.com/wp-content/uploads/2023/05/EXOVISION-7-1024x506.png 1024w, https://www.alliances-celestes.com/wp-content/uploads/2023/05/EXOVISION-7-1536x759.png 1536w, https://www.alliances-celestes.com/wp-content/uploads/2023/05/EXOVISION-7-18x9.png 18w, https://www.alliances-celestes.com/wp-content/uploads/2023/05/EXOVISION-7-640x316.png 640w, https://www.alliances-celestes.com/wp-content/uploads/2023/05/EXOVISION-7-100x49.png 100w, https://www.alliances-celestes.com/wp-content/uploads/2023/05/EXOVISION-7.png 1909w" sizes="(max-width: 300px) 100vw, 300px" /></p>
<h3 style="text-align: center;" align="left"><span style="color: #ffffff;"><strong>La Delegación EXOVISION</strong></span> d'Alliances Célestes France le invita a unirse a nosotros para la presentación del <span style="color: #ffffff;"><strong>Códigos firmados</strong> </span>por las almas bondadosas que han depositado su confianza en nosotros y por la <span style="color: #ffffff;"><strong>Tratado de intenciones</strong></span> para que el Pueblo de Gaia sea en adelante escuchado y consultado por la Federación y la Confederación Galáctica sobre <span style="color: #ff9900;"><strong><span style="color: #ffffff;">24 de septiembre de 2023</span><span style="color: #000000;">.</span></strong></span></h3>
<p>&nbsp;</p>
<h3 style="text-align: center;">Esta presentación tendrá lugar en Francia, en La Baume-Cornillane, centro del antiguo continente unificado de Gaia:</h3>
<h3 style="text-align: center;">    <strong> <span style="color: #ffffff;">Pangea.</span></strong></h3>
<p>&nbsp;</p>
<h3 align="left"><img fetchpriority="high" decoding="async" class="size-medium wp-image-8182 aligncenter" src="https://www.alliances-celestes.com/wp-content/uploads/2023/05/la-pangee-300x218.jpg" alt="" width="300" height="218" srcset="https://www.alliances-celestes.com/wp-content/uploads/2023/05/la-pangee-300x218.jpg 300w, https://www.alliances-celestes.com/wp-content/uploads/2023/05/la-pangee-600x436.jpg 600w, https://www.alliances-celestes.com/wp-content/uploads/2023/05/la-pangee-768x559.jpg 768w, https://www.alliances-celestes.com/wp-content/uploads/2023/05/la-pangee-1024x745.jpg 1024w, https://www.alliances-celestes.com/wp-content/uploads/2023/05/la-pangee-18x12.jpg 18w, https://www.alliances-celestes.com/wp-content/uploads/2023/05/la-pangee-640x465.jpg 640w, https://www.alliances-celestes.com/wp-content/uploads/2023/05/la-pangee-100x73.jpg 100w, https://www.alliances-celestes.com/wp-content/uploads/2023/05/la-pangee.jpg 1100w" sizes="(max-width: 300px) 100vw, 300px" /></h3>
<p>&nbsp;</p>
<h3 style="text-align: center;" align="left">Para apoyar esta presentación oficial, Jean-Michel Raoux propone una fase preparatoria del 21 al 23 de septiembre de 2023.</h3>
<p>&nbsp;</p>
<p><img decoding="async" class="size-medium wp-image-8181 aligncenter" src="https://www.alliances-celestes.com/wp-content/uploads/2023/05/la-pangee-centre-du-monde-300x225.jpg" alt="" width="300" height="225" srcset="https://www.alliances-celestes.com/wp-content/uploads/2023/05/la-pangee-centre-du-monde-300x225.jpg 300w, https://www.alliances-celestes.com/wp-content/uploads/2023/05/la-pangee-centre-du-monde-600x450.jpg 600w, https://www.alliances-celestes.com/wp-content/uploads/2023/05/la-pangee-centre-du-monde-768x576.jpg 768w, https://www.alliances-celestes.com/wp-content/uploads/2023/05/la-pangee-centre-du-monde-16x12.jpg 16w, https://www.alliances-celestes.com/wp-content/uploads/2023/05/la-pangee-centre-du-monde-640x480.jpg 640w, https://www.alliances-celestes.com/wp-content/uploads/2023/05/la-pangee-centre-du-monde-100x75.jpg 100w, https://www.alliances-celestes.com/wp-content/uploads/2023/05/la-pangee-centre-du-monde.jpg 1024w" sizes="(max-width: 300px) 100vw, 300px" /></p>
<p>&nbsp;</p>
<h5><span style="color: #ffffff;"><strong>Del 21 al 23 de septiembre</strong></span> Programa ISA-VISION de Jean-Michel Raoux (programa en su página web www.isa-vision.com)</h5>
<p>&nbsp;</p>
<h5 align="left"><span style="color: #ffffff;"><strong>Domingo 24 de septiembre </strong></span>EXOVISIÓN día</h5>
<h5 align="left">Cita entre la 1OHOO y la 1OH30 en La Baume-Cornillane (cerca de Valence)</h5>
<p>&nbsp;</p>
<h6><span style="color: #ffffff;"><em>Más información próximamente</em></span></h6>
<p>&nbsp;</p>
<p style="text-align: center;" align="left"><a href="https://www.isa-vision.com"><input id="boutondesign" type="button" value="Más información" /></a></p>

<p>La Délégation EXOVISION d&rsquo;Alliances Célestes France vous invite à vous joindre à la présentation des Codex signés par les belles âmes qui nous ont fait confiance et du Traité d&rsquo;intention<a href="https://www.alliances-celestes.com/es/events/sorties-451-420-696-973-698-943-699-295-471-570-404-391-115-648-281-223-437-251-959-693-294/" class="more-link"><span class="more-button">Seguir leyendo<span class="screen-reader-text">Excursión y Operación EXOVISIÓN en Pangea</span></span></a></p>
