{"id":14020,"date":"2026-03-02T12:15:29","date_gmt":"2026-03-02T11:15:29","guid":{"rendered":"https:\/\/www.alliances-celestes.com\/?post_type=mec-events&#038;p=14020"},"modified":"2026-03-02T22:51:31","modified_gmt":"2026-03-02T21:51:31","slug":"operation-terrain-nationale-convergences-harmoniques-2025-les-communautes-de-leau-et-de-lanneau-862-842-344-264","status":"publish","type":"mec-events","link":"https:\/\/www.alliances-celestes.com\/es\/events\/operation-terrain-nationale-convergences-harmoniques-2025-les-communautes-de-leau-et-de-lanneau-862-842-344-264\/","title":{"rendered":"Op\u00e9ration Terrain Nationale &#8211; Convergences Harmoniques 2025 &#8211; Les Communaut\u00e9s de l&rsquo;Eau et de l&rsquo;Anneau"},"content":{"rendered":"<h2><img decoding=\"async\" class=\"aligncenter\" src=\"https:\/\/mail.proton.me\/api\/core\/v4\/images?Url=https%3A%2F%2Fimg.img-b2-hosting.tech%2Fdata_user%2FhuNUym6E%2Fimg%2Fphp3Hf2Ab.jpg&amp;DryRun=0&amp;UID=3ufxg4mrxzthyo5wdjju5aaspikvyd7i\" \/><\/h2>\n<h2><\/h2>\n<h2 style=\"text-align: center\"><strong>Operaci\u00f3n sobre el terreno en apoyo del Plan Divino<\/strong><\/h2>\n<h2 style=\"text-align: center\"><strong>en toda Francia<\/strong><\/h2>\n<h2 style=\"text-align: center\"><strong>y una invitaci\u00f3n a una gran reuni\u00f3n amistosa humano-celestial.<\/strong><\/h2>\n<p>&nbsp;<\/p>\n<h4 style=\"text-align: center\">A travers un protocole psycho-\u00e9nerg\u00e9tique, nous \u0153uvrons avec tous les artisans de lumi\u00e8re, missionn\u00e9s volontaires disponibles et actifs et chaque \u00eatre souhaitant participer et aider aux changements en cours pour accompagner les processus et phases de transition.<\/h4>\n<h4 style=\"text-align: center\">Notre invitation premi\u00e8re consiste \u00e0 \u0153uvrer tous ensemble dans l&rsquo;unit\u00e9, en laissant de c\u00f4t\u00e9 nos diff\u00e9rences et nos diff\u00e9rends, et \u00e0 collaborer avec nos fr\u00e8res et s\u0153urs des \u00e9toiles en toute bienveillance.<\/h4>\n<h4 style=\"text-align: center\">Avant d&rsquo;aller plus avant dans l&rsquo;invitation au prochain protocole, <strong>je souhaite vous partager quelque chose d&rsquo;important.<\/strong><\/h4>\n<h4><\/h4>\n<p>&nbsp;<\/p>\n<h4 style=\"text-align: center\"><\/h4>\n<div>\n<h4>Depuis 2022, je vous transmets les protocoles re\u00e7us par Gematria et cartes g\u00e9oquantiques librement et avec joie. Je les ai toujours offerts gratuitement, parce que je crois profond\u00e9ment qu&rsquo;ils doivent rester accessibles au plus grand nombre : comme un espace de transformation int\u00e9rieure et de soutien collectif, de connexion et de circulation du vivant.<\/h4>\n<\/div>\n<div><\/div>\n<div>\n<h4>Pour continuer \u00e0 cr\u00e9er ces espaces et maintenir tout ce que je vous propose gratuitement (Lives, sorties terrain &#8230;), je dois trouver un \u00e9quilibre \u00e9conomique.<\/h4>\n<\/div>\n<div><\/div>\n<div>\n<h4>Chaque protocole repr\u00e9sente plusieurs jours de travail : r\u00e9ception de la Gematria, pr\u00e9paration, enregistrement, montage, mise en forme, invitations, explications. Jusqu&rsquo;ici, j&rsquo;ai tenu gr\u00e2ce \u00e0 mes ressources personnelles et \u00e0 une allocation qui me soutenait. Cette allocation s&rsquo;arr\u00eate et je souhaite continuer \u00e0 vous accompagner dans les meilleures conditions.<\/h4>\n<p>&nbsp;<\/p>\n<\/div>\n<div><\/div>\n<div>\n<h4>Pour que cette transmission puisse continuer, les protocoles seront accessibles d\u00e9sormais sous forme d&rsquo;<strong>abonnement annuel<\/strong> :<\/h4>\n<\/div>\n<div>\n<h4><strong>56 euros pour tous les protocoles de l&rsquo;ann\u00e9e (en g\u00e9n\u00e9ral 6 \u00e0 8). <\/strong><\/h4>\n<\/div>\n<div><\/div>\n<div>\n<h4>Cela revient \u00e0 quelques euros par protocole pour un minimum de 3 jours de travail \u00e0 chaque fois.<\/h4>\n<p>&nbsp;<\/p>\n<\/div>\n<div>\n<h4>Le premier protocole, d\u00e9j\u00e0 envoy\u00e9, en fait bien s\u00fbr partie.<\/h4>\n<\/div>\n<div><\/div>\n<div>\n<h4>Cet abonnement me permettra de continuer \u00e0 vous accompagner avec la m\u00eame qualit\u00e9, la m\u00eame pr\u00e9sence et la m\u00eame int\u00e9grit\u00e9.<\/h4>\n<\/div>\n<div><\/div>\n<div>\n<h4>De votre c\u00f4t\u00e9, plus besoin de vous inscrire \u00e0 chaque protocole, vous recevrez chaque nouveau protocole Inceptio syst\u00e9matiquement.<\/h4>\n<\/div>\n<div><\/div>\n<div>\n<h4>Je sais que c&rsquo;est un changement. Je sais aussi que beaucoup d&rsquo;entre vous comprennent la valeur du travail, de l&rsquo;\u00e9nergie et du c\u0153ur que je mets dans ces cr\u00e9ations. Et je remercie celles et ceux qui m&rsquo;ont d\u00e9j\u00e0 indiqu\u00e9 que c&rsquo;\u00e9tait normal, lorsque je leur en ai parl\u00e9.<\/h4>\n<\/div>\n<div><\/div>\n<div>\n<h4><strong>Votre soutien me permettra de poursuivre les Lives, les sorties terrain, les contenus gratuits et de maintenir cette communaut\u00e9 vivante. <\/strong><\/h4>\n<\/div>\n<div>\n<h4><strong>\u00a0<\/strong><\/h4>\n<\/div>\n<div>\n<h4><strong>Merci pour votre pr\u00e9sence, votre confiance et ce que nous construisons ensemble dans la lumi\u00e8re. <\/strong><\/h4>\n<\/div>\n<h4 style=\"text-align: center\"><\/h4>\n<h4 style=\"text-align: center\">Si deseas trabajar por el bien de todos y permitir que nuestra Humanidad eleve su conciencia hacia un mundo m\u00e1s acogedor, \u00fanete a nosotros <strong>entre le 17 mars et 03 avril 2026<\/strong><\/h4>\n<ul style=\"text-align: center\">\n<li>\n<h4 style=\"text-align: center\">Avec l\u2019abonnement annuel, vous recevez automatiquement chaque nouveau protocole Inceptio d\u00e8s sa publication. Plus besoin de vous inscrire \u00e0 chaque fois. Tout vous parvient naturellement , au fil des cr\u00e9ations.<\/h4>\n<\/li>\n<li>\n<h4 style=\"text-align: center\">Votre participation annuelle est une mani\u00e8re de reconna\u00eetre le travail engag\u00e9 dans ces protocoles et de soutenir leur continuit\u00e9. Elle permet une circulation plus juste et \u00e9quilibr\u00e9e des \u00e9nergies.<\/h4>\n<\/li>\n<\/ul>\n<h4 style=\"text-align: center\">Pour vous inscrire, il suffit de cliquer sur le lien suivant :<\/h4>\n<p>&nbsp;<\/p>\n<h4 style=\"text-align: center\"><a href=\"https:\/\/quantum-qsf.com\/protocoles-inceptio\/\">PROTOCOLES INCEPTIO<\/a><\/h4>","protected":false},"excerpt":{"rendered":"<p>Op\u00e9ration terrain de soutien au Plan Divin sur toute la France et invitation \u00e0 un grand rassemblement amical humano-c\u00e9leste. &nbsp; A travers un protocole psycho-\u00e9nerg\u00e9tique, nous \u0153uvrons avec tous les<a href=\"https:\/\/www.alliances-celestes.com\/es\/events\/operation-terrain-nationale-convergences-harmoniques-2025-les-communautes-de-leau-et-de-lanneau-862-842-344-264\/\" class=\"more-link\"><span class=\"more-button\">Seguir leyendo<span class=\"screen-reader-text\">Op\u00e9ration Terrain Nationale &#8211; Convergences Harmoniques 2025 &#8211; Les Communaut\u00e9s de l&rsquo;Eau et de l&rsquo;Anneau<\/span><\/span><\/a><\/p>","protected":false},"author":39,"featured_media":0,"comment_status":"closed","ping_status":"closed","template":"","tags":[],"mec_category":[],"class_list":["post-14020","mec-events","type-mec-events","status-publish","hentry"],"_links":{"self":[{"href":"https:\/\/www.alliances-celestes.com\/es\/wp-json\/wp\/v2\/mec-events\/14020","targetHints":{"allow":["GET"]}}],"collection":[{"href":"https:\/\/www.alliances-celestes.com\/es\/wp-json\/wp\/v2\/mec-events"}],"about":[{"href":"https:\/\/www.alliances-celestes.com\/es\/wp-json\/wp\/v2\/types\/mec-events"}],"author":[{"embeddable":true,"href":"https:\/\/www.alliances-celestes.com\/es\/wp-json\/wp\/v2\/users\/39"}],"replies":[{"embeddable":true,"href":"https:\/\/www.alliances-celestes.com\/es\/wp-json\/wp\/v2\/comments?post=14020"}],"wp:attachment":[{"href":"https:\/\/www.alliances-celestes.com\/es\/wp-json\/wp\/v2\/media?parent=14020"}],"wp:term":[{"taxonomy":"post_tag","embeddable":true,"href":"https:\/\/www.alliances-celestes.com\/es\/wp-json\/wp\/v2\/tags?post=14020"},{"taxonomy":"mec_category","embeddable":true,"href":"https:\/\/www.alliances-celestes.com\/es\/wp-json\/wp\/v2\/mec_category?post=14020"}],"curies":[{"name":"wp","href":"https:\/\/api.w.org\/{rel}","templated":true}]}}

Opération Terrain Nationale &#8211; Convergences Harmoniques 2025 &#8211; Les Communautés de l&rsquo;Eau et de l&rsquo;Anneau

<h2><img decoding="async" class="aligncenter" src="https://mail.proton.me/api/core/v4/images?Url=https%3A%2F%2Fimg.img-b2-hosting.tech%2Fdata_user%2FhuNUym6E%2Fimg%2Fphp3Hf2Ab.jpg&amp;DryRun=0&amp;UID=3ufxg4mrxzthyo5wdjju5aaspikvyd7i" /></h2>
<h2></h2>
<h2 style="text-align: center"><strong>Operación sobre el terreno en apoyo del Plan Divino</strong></h2>
<h2 style="text-align: center"><strong>en toda Francia</strong></h2>
<h2 style="text-align: center"><strong>y una invitación a una gran reunión amistosa humano-celestial.</strong></h2>
<p>&nbsp;</p>
<h4 style="text-align: center">A travers un protocole psycho-énergétique, nous œuvrons avec tous les artisans de lumière, missionnés volontaires disponibles et actifs et chaque être souhaitant participer et aider aux changements en cours pour accompagner les processus et phases de transition.</h4>
<h4 style="text-align: center">Notre invitation première consiste à œuvrer tous ensemble dans l&rsquo;unité, en laissant de côté nos différences et nos différends, et à collaborer avec nos frères et sœurs des étoiles en toute bienveillance.</h4>
<h4 style="text-align: center">Avant d&rsquo;aller plus avant dans l&rsquo;invitation au prochain protocole, <strong>je souhaite vous partager quelque chose d&rsquo;important.</strong></h4>
<h4></h4>
<p>&nbsp;</p>
<h4 style="text-align: center"></h4>
<div>
<h4>Depuis 2022, je vous transmets les protocoles reçus par Gematria et cartes géoquantiques librement et avec joie. Je les ai toujours offerts gratuitement, parce que je crois profondément qu&rsquo;ils doivent rester accessibles au plus grand nombre : comme un espace de transformation intérieure et de soutien collectif, de connexion et de circulation du vivant.</h4>
</div>
<div></div>
<div>
<h4>Pour continuer à créer ces espaces et maintenir tout ce que je vous propose gratuitement (Lives, sorties terrain &#8230;), je dois trouver un équilibre économique.</h4>
</div>
<div></div>
<div>
<h4>Chaque protocole représente plusieurs jours de travail : réception de la Gematria, préparation, enregistrement, montage, mise en forme, invitations, explications. Jusqu&rsquo;ici, j&rsquo;ai tenu grâce à mes ressources personnelles et à une allocation qui me soutenait. Cette allocation s&rsquo;arrête et je souhaite continuer à vous accompagner dans les meilleures conditions.</h4>
<p>&nbsp;</p>
</div>
<div></div>
<div>
<h4>Pour que cette transmission puisse continuer, les protocoles seront accessibles désormais sous forme d&rsquo;<strong>abonnement annuel</strong> :</h4>
</div>
<div>
<h4><strong>56 euros pour tous les protocoles de l&rsquo;année (en général 6 à 8). </strong></h4>
</div>
<div></div>
<div>
<h4>Cela revient à quelques euros par protocole pour un minimum de 3 jours de travail à chaque fois.</h4>
<p>&nbsp;</p>
</div>
<div>
<h4>Le premier protocole, déjà envoyé, en fait bien sûr partie.</h4>
</div>
<div></div>
<div>
<h4>Cet abonnement me permettra de continuer à vous accompagner avec la même qualité, la même présence et la même intégrité.</h4>
</div>
<div></div>
<div>
<h4>De votre côté, plus besoin de vous inscrire à chaque protocole, vous recevrez chaque nouveau protocole Inceptio systématiquement.</h4>
</div>
<div></div>
<div>
<h4>Je sais que c&rsquo;est un changement. Je sais aussi que beaucoup d&rsquo;entre vous comprennent la valeur du travail, de l&rsquo;énergie et du cœur que je mets dans ces créations. Et je remercie celles et ceux qui m&rsquo;ont déjà indiqué que c&rsquo;était normal, lorsque je leur en ai parlé.</h4>
</div>
<div></div>
<div>
<h4><strong>Votre soutien me permettra de poursuivre les Lives, les sorties terrain, les contenus gratuits et de maintenir cette communauté vivante. </strong></h4>
</div>
<div>
<h4><strong> </strong></h4>
</div>
<div>
<h4><strong>Merci pour votre présence, votre confiance et ce que nous construisons ensemble dans la lumière. </strong></h4>
</div>
<h4 style="text-align: center"></h4>
<h4 style="text-align: center">Si deseas trabajar por el bien de todos y permitir que nuestra Humanidad eleve su conciencia hacia un mundo más acogedor, únete a nosotros <strong>entre le 17 mars et 03 avril 2026</strong></h4>
<ul style="text-align: center">
<li>
<h4 style="text-align: center">Avec l’abonnement annuel, vous recevez automatiquement chaque nouveau protocole Inceptio dès sa publication. Plus besoin de vous inscrire à chaque fois. Tout vous parvient naturellement , au fil des créations.</h4>
</li>
<li>
<h4 style="text-align: center">Votre participation annuelle est une manière de reconnaître le travail engagé dans ces protocoles et de soutenir leur continuité. Elle permet une circulation plus juste et équilibrée des énergies.</h4>
</li>
</ul>
<h4 style="text-align: center">Pour vous inscrire, il suffit de cliquer sur le lien suivant :</h4>
<p>&nbsp;</p>
<h4 style="text-align: center"><a href="https://quantum-qsf.com/protocoles-inceptio/">PROTOCOLES INCEPTIO</a></h4>

<p>Opération terrain de soutien au Plan Divin sur toute la France et invitation à un grand rassemblement amical humano-céleste. &nbsp; A travers un protocole psycho-énergétique, nous œuvrons avec tous les<a href="https://www.alliances-celestes.com/es/events/operation-terrain-nationale-convergences-harmoniques-2025-les-communautes-de-leau-et-de-lanneau-862-842-344-264/" class="more-link"><span class="more-button">Seguir leyendo<span class="screen-reader-text">Opération Terrain Nationale &#8211; Convergences Harmoniques 2025 &#8211; Les Communautés de l&rsquo;Eau et de l&rsquo;Anneau</span></span></a></p>
