{"id":13944,"date":"2026-01-22T14:45:25","date_gmt":"2026-01-22T13:45:25","guid":{"rendered":"https:\/\/www.alliances-celestes.com\/?post_type=mec-events&#038;p=13944"},"modified":"2026-04-13T18:31:09","modified_gmt":"2026-04-13T16:31:09","slug":"sorties-451-420-696-973-698-943-699-295-471-570-404-391-115-648-281-223-725-883-851-883-599-693-467-305-733-967-326-532-650-727","status":"publish","type":"mec-events","link":"https:\/\/www.alliances-celestes.com\/en\/events\/sorties-451-420-696-973-698-943-699-295-471-570-404-391-115-648-281-223-725-883-851-883-599-693-467-305-733-967-326-532-650-727\/","title":{"rendered":"Sortie Terrain &#8211; GRAND VOYAGE INITIATIQUE DE LA FRANCE ABONDANCE (DU 20 AU 25 MAI 2026)"},"content":{"rendered":"<p><img fetchpriority=\"high\" decoding=\"async\" class=\"size-medium wp-image-1984 aligncenter\" src=\"https:\/\/www.alliances-celestes.com\/wp-content\/uploads\/2022\/03\/QMF-2-300x300.png\" alt=\"\" width=\"300\" height=\"300\" srcset=\"https:\/\/www.alliances-celestes.com\/wp-content\/uploads\/2022\/03\/QMF-2-300x300.png 300w, https:\/\/www.alliances-celestes.com\/wp-content\/uploads\/2022\/03\/QMF-2-100x100.png 100w, https:\/\/www.alliances-celestes.com\/wp-content\/uploads\/2022\/03\/QMF-2-600x600.png 600w, https:\/\/www.alliances-celestes.com\/wp-content\/uploads\/2022\/03\/QMF-2-150x150.png 150w, https:\/\/www.alliances-celestes.com\/wp-content\/uploads\/2022\/03\/QMF-2-768x768.png 768w, https:\/\/www.alliances-celestes.com\/wp-content\/uploads\/2022\/03\/QMF-2-1024x1024.png 1024w, https:\/\/www.alliances-celestes.com\/wp-content\/uploads\/2022\/03\/QMF-2-500x500.png 500w, https:\/\/www.alliances-celestes.com\/wp-content\/uploads\/2022\/03\/QMF-2-1536x1536.png 1536w, https:\/\/www.alliances-celestes.com\/wp-content\/uploads\/2022\/03\/QMF-2-12x12.png 12w, https:\/\/www.alliances-celestes.com\/wp-content\/uploads\/2022\/03\/QMF-2-480x480.png 480w, https:\/\/www.alliances-celestes.com\/wp-content\/uploads\/2022\/03\/QMF-2-592x592.png 592w, https:\/\/www.alliances-celestes.com\/wp-content\/uploads\/2022\/03\/QMF-2-240x240.png 240w, https:\/\/www.alliances-celestes.com\/wp-content\/uploads\/2022\/03\/QMF-2.png 1700w\" sizes=\"(max-width: 300px) 100vw, 300px\" \/><\/p>\n<h2 style=\"text-align: center\" align=\"justify\">GRAND VOYAGE INITIATIQUE DE LA FRANCE ABONDANCE<\/h2>\n<p>&nbsp;<\/p>\n<h3 class=\"cms-ta\" style=\"text-align: center\">LOZERE ET CENTRE DE LA FRANCE<\/h3>\n<h3 class=\"cms-ta\" style=\"text-align: center\"><\/h3>\n<h3 class=\"cms-ta\" style=\"text-align: center\">L&rsquo;OUVERTURE DE LA SERRURE DE L&rsquo;ESPACE-TEMPS DE L&rsquo;ARCHE DE VEGA<\/h3>\n<h3 class=\"cms-ta\" style=\"text-align: center\"><\/h3>\n<h3 class=\"cms-ta\" style=\"text-align: center\">LA GRANDE\u00a0 MATRICE AQUA ET LE DESTIN DE L&rsquo;HUMANITE<\/h3>\n<p>&nbsp;<\/p>\n<h3>Ce voyage initiatique en Loz\u00e8re et au centre de la France s\u2019inscrit dans une\u00a0<strong>g\u00e9om\u00e9trie vivante<\/strong>, fond\u00e9e sur les cl\u00e9s de l\u2019abondance, de l\u2019eau, de la lumi\u00e8re et de l\u2019unit\u00e9.<\/h3>\n<h3>\u00c0 travers des lieux pr\u00e9cis et une trame symbolique coh\u00e9rente, il propose l\u2019<strong>ouverture de la \u201cserrure espace-temps\u201d<\/strong>, reliant la Terre, le Ciel et l\u2019Humanit\u00e9 dans une m\u00eame matrice de conscience.<\/h3>\n<p>&nbsp;<\/p>\n<h3>La France y est abord\u00e9e comme une\u00a0<strong>terre-relais<\/strong>, porteuse d\u2019une m\u00e9moire ancienne et d\u2019un potentiel d\u2019activation collective, au c\u0153ur de la\u00a0<strong>Grande Matrice AQUA<\/strong>, principe de vie, de r\u00e9g\u00e9n\u00e9ration et de reliance.<\/h3>\n<p>&nbsp;<\/p>\n<h3>Ce parcours est une invitation \u00e0\u00a0<strong>vivre l\u2019exp\u00e9rience<\/strong>, \u00e0 ressentir plut\u00f4t qu\u2019expliquer, et \u00e0 participer \u00e0 un mouvement d\u2019harmonisation entre les forces terrestres, humaines et cosmiques.<\/h3>\n<p>&nbsp;<\/p>\n<h3>Un temps pour s\u2019unir, recevoir, transmettre\u2026<br \/>\net accompagner l\u2019\u00e9mergence d\u2019un futur fond\u00e9 sur la conscience, l\u2019abondance et le vivant.<\/h3>\n<p>&nbsp;<\/p>\n<h3><strong><span class=\"cms-c cms-fw\">La pr\u00e9sence de c\u00e9lestes de V\u00e9ga et des abgals de sothis seront l\u00e0 pour nous accompagner et nous transmettre leurs informations .<\/span><\/strong><\/h3>\n<p>&nbsp;<\/p>\n<h3 style=\"text-align: center\">(VILLE CENTRALE FLORAC)<\/h3>\n<p>&nbsp;<\/p>\n<h3><strong><span style=\"text-decoration: underline\">MERCREDI 20 MAI 2026<\/span>\u00a0:\u00a0<\/strong><\/h3>\n<h3><strong>ACTIVATION DU MOTEUR QUANTIQUE PLASMIQUE DU MONT AIGOUAL<\/strong><\/h3>\n<h3>LE MONT AIGOUAL (CENTRE HAUT LIEU VIBRATOIRE ENERGETIQUE NATIONAL )<\/h3>\n<h3>LA VALLEE DU BONHEUR ET SON SANCTUAIRE ANTIQUE\u00a0: HAUT LIEU MYSTIQUE<\/h3>\n<h3>RENDEZ-VOUS : 10H00 -10H30<\/h3>\n<h3>OFFICE DU TOURISME<\/h3>\n<h3>COL DE SERREYREDE D986<\/h3>\n<h3>30570 Val-d&rsquo;Aigoual<\/h3>\n<h3><a href=\"https:\/\/maps.app.goo.gl\/V5Qi3h9SpVdkEYZT7\">https:\/\/maps.app.goo.gl\/V5Qi3h9SpVdkEYZT7<\/a><\/h3>\n<p>&nbsp;<\/p>\n<h3><span style=\"text-decoration: underline\"><strong>JEUDI 21 MAI 2026\u00a0:<\/strong><\/span><\/h3>\n<h3 class=\"cms-fw\"><strong>LES MENHIRS DE CHAM DES BONDONS ET L\u2019OUVERTURE DE LA SERRURE DE LA MATRICE AQUA<\/strong><\/h3>\n<h3>COL DE MONTMIRAT<\/h3>\n<h3><span class=\"cms-fs\"><span class=\"cms-ls\"><span class=\"cms-fw\">44\u00b0\u00a025\u2032\u00a007\u2033\u00a0nord, 3\u00b0\u00a032\u2032\u00a033\u2033\u00a0est<\/span><\/span><\/span><\/h3>\n<p>&nbsp;<\/p>\n<h3 align=\"left\"><strong><span class=\"cms-fs\"><span class=\"cms-ls\"><span class=\"cms-fw\">Cham des Bondons<\/span><\/span><\/span><\/strong><span class=\"cms-ls\">\u00a0<\/span><span class=\"cms-fs\"><span class=\"cms-ls\"><span class=\"cms-fw\">est pr\u00e9sent\u00e9e comme\u00a0<\/span><\/span><\/span><strong><span class=\"cms-fs\"><span class=\"cms-ls\"><span class=\"cms-fw\">la seconde concentration de menhirs en France<\/span><\/span><\/span><\/strong><span class=\"cms-fs\"><span class=\"cms-ls\"><span class=\"cms-fw\">. Ni plus, ni moins. Cela en dit long sur le paysage que vous allez d\u00e9couvrir lors de votre randonn\u00e9e.\u00a0<\/span><\/span><\/span><strong><span class=\"cms-fs\"><span class=\"cms-ls\"><span class=\"cms-fw\">Jusqu\u2019\u00e0 200 menhirs<\/span><\/span><\/span><\/strong><span class=\"cms-ls\">\u00a0<\/span><span class=\"cms-fs\"><span class=\"cms-ls\"><span class=\"cms-fw\">sur quelques kilom\u00e8tres carr\u00e9s, et ceux depuis plusieurs milliers d\u2019ann\u00e9es ! La plupart sont d\u00e9sormais au sol, mais certains ont \u00e9t\u00e9 relev\u00e9s. Pour le bonheur des yeux et des photographes. Des points de rep\u00e8res que l\u2019on admire d\u00e9j\u00e0, au loin, au d\u00e9part de la balade.<\/span><\/span><\/span><\/h3>\n<h3 class=\"cms-ls cms-fw\" align=\"left\"><span class=\"cms-fs\">CIRCUIT MENHIR DES 3 PAROISSES<\/span><\/h3>\n<h3><a href=\"https:\/\/fr.wikipedia.org\/wiki\/Col_de_Montmirat\">https:\/\/fr.wikipedia.org\/wiki\/Col_de_Montmirat<\/a><\/h3>\n<p>&nbsp;<\/p>\n<h3 class=\"cms-ls cms-fw\" align=\"left\"><span class=\"cms-fs\">RENDEZ-VOUS :<\/span><\/h3>\n<h3 class=\"cms-ls cms-fw\" align=\"left\"><span class=\"cms-fs\">10 H OO -10 H 15\u00a0<\/span><\/h3>\n<h3 class=\"cms-ls cms-fw\" align=\"left\"><span class=\"cms-fs\">MAIRIE FLORAC\u00a0 48400<\/span><\/h3>\n<h3 class=\"cms-ls cms-fw\" align=\"left\"><span class=\"cms-fs\">RANDONNEE, EQUIPEMENT POUR LA MARCHE ET PIQUE NIQUE + SAC A DOS<\/span><\/h3>\n<p>&nbsp;<\/p>\n<h3 class=\"cms-ls\" align=\"left\"><span class=\"cms-fs\"><strong><span style=\"text-decoration: underline\">VENDREDI 22 JOURNEE DE TRANSFERT<\/span><\/strong><\/span><\/h3>\n<h3 class=\"cms-ls\" align=\"left\"><span class=\"cms-fs\"><strong>SAINT AMAND MONTROND 18200<\/strong><\/span><\/h3>\n<h3 class=\"cms-ls\" align=\"left\"><span class=\"cms-fs\"><strong>4 HEURES , 357 KM<\/strong><\/span><\/h3>\n<p>&nbsp;<\/p>\n<h3 class=\"cms-ls\" align=\"left\"><span class=\"cms-fs\"><u><strong>SAMEDI 23 MAI 2026\u00a0:\u00a0<\/strong><\/u><\/span><\/h3>\n<h3 class=\"cms-ls\" align=\"left\"><span class=\"cms-fs\"><strong>PREPARATION DU TRANSFERT DE LA MATRICE AQUA ET DU RETOUR DE LA DEESSE MERE<\/strong><\/span><\/h3>\n<h3 class=\"cms-ls cms-fw\" align=\"left\"><span class=\"cms-fs\">SAINT AMANT-MONTROND <\/span><\/h3>\n<h3 class=\"cms-ls cms-fw\" align=\"left\"><span class=\"cms-fs\">LA PYRAMIDE DE L\u2019OR<\/span><\/h3>\n<h3 class=\"cms-ls cms-fw\" align=\"left\"><span class=\"cms-fs\">ABBAYE CISTERTIENNE DE NOIRLAC<\/span><\/h3>\n<h3 class=\"cms-ls cms-fw\" align=\"left\"><span class=\"cms-fs\">BRUERE ALLICHAMPS LA CELLE<\/span><\/h3>\n<p>&nbsp;<\/p>\n<h3 class=\"cms-ls\" align=\"left\"><span class=\"cms-fs\"><u><strong>DIMANCHE 24 MAI 2026\u00a0:<\/strong><\/u><\/span><\/h3>\n<h3 class=\"cms-ls\" align=\"left\"><span class=\"cms-fs\"><strong>TRANSFERT DE LA MATRICE AQUA<\/strong><\/span><\/h3>\n<h3 class=\"cms-ls cms-fw\" align=\"left\"><span class=\"cms-fs\">DUN SUR AURON, EGLISE SAINT MARTIN ET LE SITE DE BEAUPUIT<\/span><\/h3>\n<h3 class=\"cms-ls cms-fw\" align=\"left\"><span class=\"cms-fs\">Mise en place de la matrice AQUA<\/span><\/h3>\n<h3 class=\"cms-ls cms-fw\" align=\"left\"><span class=\"cms-fs\">SAINT- PALAIS 18 ET RETOUR DE LA DEESSE MERE<\/span><\/h3>\n<p>&nbsp;<\/p>\n<h3 align=\"left\"><\/h3>\n<h3 class=\"cms-ls\" align=\"left\"><span class=\"cms-fs\"><strong>FORFAIT 4 JOURS ANIMATION SEULE 140\u20ac<\/strong><\/span><\/h3>\n<h3 class=\"cms-ls\" align=\"left\"><span class=\"cms-fs\"><strong>COUPLE 260 \u20ac<\/strong><\/span><\/h3>\n<h3 class=\"cms-ls\" align=\"left\"><span class=\"cms-fs\"><strong>OU 40 \u20ac A LA JOURNEE<\/strong><\/span><\/h3>","protected":false},"excerpt":{"rendered":"<p>GRAND VOYAGE INITIATIQUE DE LA FRANCE ABONDANCE &nbsp; LOZERE ET CENTRE DE LA FRANCE L&rsquo;OUVERTURE DE LA SERRURE DE L&rsquo;ESPACE-TEMPS DE L&rsquo;ARCHE DE VEGA LA GRANDE\u00a0 MATRICE AQUA ET LE<a href=\"https:\/\/www.alliances-celestes.com\/en\/events\/sorties-451-420-696-973-698-943-699-295-471-570-404-391-115-648-281-223-725-883-851-883-599-693-467-305-733-967-326-532-650-727\/\" class=\"more-link\"><span class=\"more-button\">Continue reading<span class=\"screen-reader-text\">Sortie Terrain &#8211; GRAND VOYAGE INITIATIQUE DE LA FRANCE ABONDANCE (DU 20 AU 25 MAI 2026)<\/span><\/span><\/a><\/p>","protected":false},"author":39,"featured_media":0,"comment_status":"closed","ping_status":"closed","template":"","tags":[],"mec_category":[],"class_list":["post-13944","mec-events","type-mec-events","status-publish","hentry"],"_links":{"self":[{"href":"https:\/\/www.alliances-celestes.com\/en\/wp-json\/wp\/v2\/mec-events\/13944","targetHints":{"allow":["GET"]}}],"collection":[{"href":"https:\/\/www.alliances-celestes.com\/en\/wp-json\/wp\/v2\/mec-events"}],"about":[{"href":"https:\/\/www.alliances-celestes.com\/en\/wp-json\/wp\/v2\/types\/mec-events"}],"author":[{"embeddable":true,"href":"https:\/\/www.alliances-celestes.com\/en\/wp-json\/wp\/v2\/users\/39"}],"replies":[{"embeddable":true,"href":"https:\/\/www.alliances-celestes.com\/en\/wp-json\/wp\/v2\/comments?post=13944"}],"wp:attachment":[{"href":"https:\/\/www.alliances-celestes.com\/en\/wp-json\/wp\/v2\/media?parent=13944"}],"wp:term":[{"taxonomy":"post_tag","embeddable":true,"href":"https:\/\/www.alliances-celestes.com\/en\/wp-json\/wp\/v2\/tags?post=13944"},{"taxonomy":"mec_category","embeddable":true,"href":"https:\/\/www.alliances-celestes.com\/en\/wp-json\/wp\/v2\/mec_category?post=13944"}],"curies":[{"name":"wp","href":"https:\/\/api.w.org\/{rel}","templated":true}]}}

<p><img fetchpriority="high" decoding="async" class="size-medium wp-image-1984 aligncenter" src="https://www.alliances-celestes.com/wp-content/uploads/2022/03/QMF-2-300x300.png" alt="" width="300" height="300" srcset="https://www.alliances-celestes.com/wp-content/uploads/2022/03/QMF-2-300x300.png 300w, https://www.alliances-celestes.com/wp-content/uploads/2022/03/QMF-2-100x100.png 100w, https://www.alliances-celestes.com/wp-content/uploads/2022/03/QMF-2-600x600.png 600w, https://www.alliances-celestes.com/wp-content/uploads/2022/03/QMF-2-150x150.png 150w, https://www.alliances-celestes.com/wp-content/uploads/2022/03/QMF-2-768x768.png 768w, https://www.alliances-celestes.com/wp-content/uploads/2022/03/QMF-2-1024x1024.png 1024w, https://www.alliances-celestes.com/wp-content/uploads/2022/03/QMF-2-500x500.png 500w, https://www.alliances-celestes.com/wp-content/uploads/2022/03/QMF-2-1536x1536.png 1536w, https://www.alliances-celestes.com/wp-content/uploads/2022/03/QMF-2-12x12.png 12w, https://www.alliances-celestes.com/wp-content/uploads/2022/03/QMF-2-480x480.png 480w, https://www.alliances-celestes.com/wp-content/uploads/2022/03/QMF-2-592x592.png 592w, https://www.alliances-celestes.com/wp-content/uploads/2022/03/QMF-2-240x240.png 240w, https://www.alliances-celestes.com/wp-content/uploads/2022/03/QMF-2.png 1700w" sizes="(max-width: 300px) 100vw, 300px" /></p>
<h2 style="text-align: center" align="justify">GRAND VOYAGE INITIATIQUE DE LA FRANCE ABONDANCE</h2>
<p>&nbsp;</p>
<h3 class="cms-ta" style="text-align: center">LOZERE ET CENTRE DE LA FRANCE</h3>
<h3 class="cms-ta" style="text-align: center"></h3>
<h3 class="cms-ta" style="text-align: center">L&rsquo;OUVERTURE DE LA SERRURE DE L&rsquo;ESPACE-TEMPS DE L&rsquo;ARCHE DE VEGA</h3>
<h3 class="cms-ta" style="text-align: center"></h3>
<h3 class="cms-ta" style="text-align: center">LA GRANDE  MATRICE AQUA ET LE DESTIN DE L&rsquo;HUMANITE</h3>
<p>&nbsp;</p>
<h3>Ce voyage initiatique en Lozère et au centre de la France s’inscrit dans une <strong>géométrie vivante</strong>, fondée sur les clés de l’abondance, de l’eau, de la lumière et de l’unité.</h3>
<h3>À travers des lieux précis et une trame symbolique cohérente, il propose l’<strong>ouverture de la “serrure espace-temps”</strong>, reliant la Terre, le Ciel et l’Humanité dans une même matrice de conscience.</h3>
<p>&nbsp;</p>
<h3>La France y est abordée comme une <strong>terre-relais</strong>, porteuse d’une mémoire ancienne et d’un potentiel d’activation collective, au cœur de la <strong>Grande Matrice AQUA</strong>, principe de vie, de régénération et de reliance.</h3>
<p>&nbsp;</p>
<h3>Ce parcours est une invitation à <strong>vivre l’expérience</strong>, à ressentir plutôt qu’expliquer, et à participer à un mouvement d’harmonisation entre les forces terrestres, humaines et cosmiques.</h3>
<p>&nbsp;</p>
<h3>Un temps pour s’unir, recevoir, transmettre…<br />
et accompagner l’émergence d’un futur fondé sur la conscience, l’abondance et le vivant.</h3>
<p>&nbsp;</p>
<h3><strong><span class="cms-c cms-fw">La présence de célestes de Véga et des abgals de sothis seront là pour nous accompagner et nous transmettre leurs informations .</span></strong></h3>
<p>&nbsp;</p>
<h3 style="text-align: center">(VILLE CENTRALE FLORAC)</h3>
<p>&nbsp;</p>
<h3><strong><span style="text-decoration: underline">MERCREDI 20 MAI 2026</span> : </strong></h3>
<h3><strong>ACTIVATION DU MOTEUR QUANTIQUE PLASMIQUE DU MONT AIGOUAL</strong></h3>
<h3>LE MONT AIGOUAL (CENTRE HAUT LIEU VIBRATOIRE ENERGETIQUE NATIONAL )</h3>
<h3>LA VALLEE DU BONHEUR ET SON SANCTUAIRE ANTIQUE : HAUT LIEU MYSTIQUE</h3>
<h3>RENDEZ-VOUS : 10H00 -10H30</h3>
<h3>OFFICE DU TOURISME</h3>
<h3>COL DE SERREYREDE D986</h3>
<h3>30570 Val-d&rsquo;Aigoual</h3>
<h3><a href="https://maps.app.goo.gl/V5Qi3h9SpVdkEYZT7">https://maps.app.goo.gl/V5Qi3h9SpVdkEYZT7</a></h3>
<p>&nbsp;</p>
<h3><span style="text-decoration: underline"><strong>JEUDI 21 MAI 2026 :</strong></span></h3>
<h3 class="cms-fw"><strong>LES MENHIRS DE CHAM DES BONDONS ET L’OUVERTURE DE LA SERRURE DE LA MATRICE AQUA</strong></h3>
<h3>COL DE MONTMIRAT</h3>
<h3><span class="cms-fs"><span class="cms-ls"><span class="cms-fw">44° 25′ 07″ nord, 3° 32′ 33″ est</span></span></span></h3>
<p>&nbsp;</p>
<h3 align="left"><strong><span class="cms-fs"><span class="cms-ls"><span class="cms-fw">Cham des Bondons</span></span></span></strong><span class="cms-ls"> </span><span class="cms-fs"><span class="cms-ls"><span class="cms-fw">est présentée comme </span></span></span><strong><span class="cms-fs"><span class="cms-ls"><span class="cms-fw">la seconde concentration de menhirs en France</span></span></span></strong><span class="cms-fs"><span class="cms-ls"><span class="cms-fw">. Ni plus, ni moins. Cela en dit long sur le paysage que vous allez découvrir lors de votre randonnée. </span></span></span><strong><span class="cms-fs"><span class="cms-ls"><span class="cms-fw">Jusqu’à 200 menhirs</span></span></span></strong><span class="cms-ls"> </span><span class="cms-fs"><span class="cms-ls"><span class="cms-fw">sur quelques kilomètres carrés, et ceux depuis plusieurs milliers d’années ! La plupart sont désormais au sol, mais certains ont été relevés. Pour le bonheur des yeux et des photographes. Des points de repères que l’on admire déjà, au loin, au départ de la balade.</span></span></span></h3>
<h3 class="cms-ls cms-fw" align="left"><span class="cms-fs">CIRCUIT MENHIR DES 3 PAROISSES</span></h3>
<h3><a href="https://fr.wikipedia.org/wiki/Col_de_Montmirat">https://fr.wikipedia.org/wiki/Col_de_Montmirat</a></h3>
<p>&nbsp;</p>
<h3 class="cms-ls cms-fw" align="left"><span class="cms-fs">RENDEZ-VOUS :</span></h3>
<h3 class="cms-ls cms-fw" align="left"><span class="cms-fs">10 H OO -10 H 15 </span></h3>
<h3 class="cms-ls cms-fw" align="left"><span class="cms-fs">MAIRIE FLORAC  48400</span></h3>
<h3 class="cms-ls cms-fw" align="left"><span class="cms-fs">RANDONNEE, EQUIPEMENT POUR LA MARCHE ET PIQUE NIQUE + SAC A DOS</span></h3>
<p>&nbsp;</p>
<h3 class="cms-ls" align="left"><span class="cms-fs"><strong><span style="text-decoration: underline">VENDREDI 22 JOURNEE DE TRANSFERT</span></strong></span></h3>
<h3 class="cms-ls" align="left"><span class="cms-fs"><strong>SAINT AMAND MONTROND 18200</strong></span></h3>
<h3 class="cms-ls" align="left"><span class="cms-fs"><strong>4 HEURES , 357 KM</strong></span></h3>
<p>&nbsp;</p>
<h3 class="cms-ls" align="left"><span class="cms-fs"><u><strong>SAMEDI 23 MAI 2026 : </strong></u></span></h3>
<h3 class="cms-ls" align="left"><span class="cms-fs"><strong>PREPARATION DU TRANSFERT DE LA MATRICE AQUA ET DU RETOUR DE LA DEESSE MERE</strong></span></h3>
<h3 class="cms-ls cms-fw" align="left"><span class="cms-fs">SAINT AMANT-MONTROND </span></h3>
<h3 class="cms-ls cms-fw" align="left"><span class="cms-fs">LA PYRAMIDE DE L’OR</span></h3>
<h3 class="cms-ls cms-fw" align="left"><span class="cms-fs">ABBAYE CISTERTIENNE DE NOIRLAC</span></h3>
<h3 class="cms-ls cms-fw" align="left"><span class="cms-fs">BRUERE ALLICHAMPS LA CELLE</span></h3>
<p>&nbsp;</p>
<h3 class="cms-ls" align="left"><span class="cms-fs"><u><strong>DIMANCHE 24 MAI 2026 :</strong></u></span></h3>
<h3 class="cms-ls" align="left"><span class="cms-fs"><strong>TRANSFERT DE LA MATRICE AQUA</strong></span></h3>
<h3 class="cms-ls cms-fw" align="left"><span class="cms-fs">DUN SUR AURON, EGLISE SAINT MARTIN ET LE SITE DE BEAUPUIT</span></h3>
<h3 class="cms-ls cms-fw" align="left"><span class="cms-fs">Mise en place de la matrice AQUA</span></h3>
<h3 class="cms-ls cms-fw" align="left"><span class="cms-fs">SAINT- PALAIS 18 ET RETOUR DE LA DEESSE MERE</span></h3>
<p>&nbsp;</p>
<h3 align="left"></h3>
<h3 class="cms-ls" align="left"><span class="cms-fs"><strong>FORFAIT 4 JOURS ANIMATION SEULE 140€</strong></span></h3>
<h3 class="cms-ls" align="left"><span class="cms-fs"><strong>COUPLE 260 €</strong></span></h3>
<h3 class="cms-ls" align="left"><span class="cms-fs"><strong>OU 40 € A LA JOURNEE</strong></span></h3>
