{"id":10141,"date":"2023-09-20T11:10:15","date_gmt":"2023-09-20T09:10:15","guid":{"rendered":"https:\/\/www.alliances-celestes.com\/?post_type=mec-events&#038;p=10141"},"modified":"2023-09-20T11:11:31","modified_gmt":"2023-09-20T09:11:31","slug":"sortie-terrain-sur-les-traces-de-la-lignee-sacree-du-graal-104-360-360","status":"publish","type":"mec-events","link":"https:\/\/www.alliances-celestes.com\/en\/events\/sortie-terrain-sur-les-traces-de-la-lignee-sacree-du-graal-104-360-360\/","title":{"rendered":"Field trip - In the footsteps of the sacred Grail lineage and the Ancient Builders"},"content":{"rendered":"<p><img fetchpriority=\"high\" decoding=\"async\" class=\"size-medium wp-image-1984 aligncenter\" src=\"https:\/\/www.alliances-celestes.com\/wp-content\/uploads\/2022\/03\/QMF-2-300x300.png\" alt=\"\" width=\"300\" height=\"300\" srcset=\"https:\/\/www.alliances-celestes.com\/wp-content\/uploads\/2022\/03\/QMF-2-300x300.png 300w, https:\/\/www.alliances-celestes.com\/wp-content\/uploads\/2022\/03\/QMF-2-100x100.png 100w, https:\/\/www.alliances-celestes.com\/wp-content\/uploads\/2022\/03\/QMF-2-600x600.png 600w, https:\/\/www.alliances-celestes.com\/wp-content\/uploads\/2022\/03\/QMF-2-150x150.png 150w, https:\/\/www.alliances-celestes.com\/wp-content\/uploads\/2022\/03\/QMF-2-768x768.png 768w, https:\/\/www.alliances-celestes.com\/wp-content\/uploads\/2022\/03\/QMF-2-1024x1024.png 1024w, https:\/\/www.alliances-celestes.com\/wp-content\/uploads\/2022\/03\/QMF-2-500x500.png 500w, https:\/\/www.alliances-celestes.com\/wp-content\/uploads\/2022\/03\/QMF-2-1536x1536.png 1536w, https:\/\/www.alliances-celestes.com\/wp-content\/uploads\/2022\/03\/QMF-2-12x12.png 12w, https:\/\/www.alliances-celestes.com\/wp-content\/uploads\/2022\/03\/QMF-2-480x480.png 480w, https:\/\/www.alliances-celestes.com\/wp-content\/uploads\/2022\/03\/QMF-2-592x592.png 592w, https:\/\/www.alliances-celestes.com\/wp-content\/uploads\/2022\/03\/QMF-2-240x240.png 240w, https:\/\/www.alliances-celestes.com\/wp-content\/uploads\/2022\/03\/QMF-2.png 1700w\" sizes=\"(max-width: 300px) 100vw, 300px\" \/><\/p>\n<h2 style=\"text-align: center;\"><\/h2>\n<p>&nbsp;<\/p>\n<h4 align=\"center\"><strong>Les myst\u00e8res du site arch\u00e9ologique Saint Blaise<\/strong><\/h4>\n<p align=\"center\">\n<p align=\"center\">\n<h5><span lang=\"fr-FR\">Rendez-vous entre 10 H et 10 H 30 <\/span><span lang=\"fr-FR\">entr\u00e9e de l\u2019eglise <\/span><span lang=\"fr-FR\"> de la Sainte-Famille <\/span><\/h5>\n<h5>\u00a0<span lang=\"fr-FR\">33 Bd Victor Hugo, 13800 Istres <\/span><\/h5>\n<h5>\u00a0Coordonn\u00e9e GPS pour la programmation du contact avec les celestes<\/h5>\n<h5>43 \u00b0 27 \u2018 43 \u2018\u2019 N<\/h5>\n<h5>\u00a04 \u00b0 58 \u2019 53 \u2019\u2019 E<\/h5>\n<h5>\u00a0Tranche horaire du contact 11 H 00 \u2013 18 H 00<\/h5>\n<h5>Walking shoes, picnic, optional quartz crystal<\/h5>\n<h5 align=\"justify\"><strong>Participation aux frais d\u2019organisation\u00a0:Don libre en euro <\/strong><\/h5>\n<p>&nbsp;<\/p>\n<h5 align=\"left\"><\/h5>\n<p>&nbsp;<\/p>\n<p>&nbsp;<\/p>\n<p style=\"text-align: center;\" align=\"left\"><a href=\"https:\/\/www.isa-vision.com\"><input id=\"boutondesign\" type=\"button\" value=\"More Information\" \/><\/a><\/p>","protected":false},"excerpt":{"rendered":"<p>&nbsp; Les myst\u00e8res du site arch\u00e9ologique Saint Blaise Rendez-vous entre 10 H et 10 H 30 entr\u00e9e de l\u2019eglise de la Sainte-Famille \u00a033 Bd Victor Hugo, 13800 Istres \u00a0Coordonn\u00e9e GPS<a href=\"https:\/\/www.alliances-celestes.com\/en\/events\/sortie-terrain-sur-les-traces-de-la-lignee-sacree-du-graal-104-360-360\/\" class=\"more-link\"><span class=\"more-button\">Continue reading<span class=\"screen-reader-text\">Field trip - In the footsteps of the sacred Grail lineage and the Ancient Builders<\/span><\/span><\/a><\/p>","protected":false},"author":2,"featured_media":0,"comment_status":"closed","ping_status":"closed","template":"","tags":[],"mec_category":[],"class_list":["post-10141","mec-events","type-mec-events","status-publish","hentry"],"_links":{"self":[{"href":"https:\/\/www.alliances-celestes.com\/en\/wp-json\/wp\/v2\/mec-events\/10141","targetHints":{"allow":["GET"]}}],"collection":[{"href":"https:\/\/www.alliances-celestes.com\/en\/wp-json\/wp\/v2\/mec-events"}],"about":[{"href":"https:\/\/www.alliances-celestes.com\/en\/wp-json\/wp\/v2\/types\/mec-events"}],"author":[{"embeddable":true,"href":"https:\/\/www.alliances-celestes.com\/en\/wp-json\/wp\/v2\/users\/2"}],"replies":[{"embeddable":true,"href":"https:\/\/www.alliances-celestes.com\/en\/wp-json\/wp\/v2\/comments?post=10141"}],"wp:attachment":[{"href":"https:\/\/www.alliances-celestes.com\/en\/wp-json\/wp\/v2\/media?parent=10141"}],"wp:term":[{"taxonomy":"post_tag","embeddable":true,"href":"https:\/\/www.alliances-celestes.com\/en\/wp-json\/wp\/v2\/tags?post=10141"},{"taxonomy":"mec_category","embeddable":true,"href":"https:\/\/www.alliances-celestes.com\/en\/wp-json\/wp\/v2\/mec_category?post=10141"}],"curies":[{"name":"wp","href":"https:\/\/api.w.org\/{rel}","templated":true}]}}

<p><img fetchpriority="high" decoding="async" class="size-medium wp-image-1984 aligncenter" src="https://www.alliances-celestes.com/wp-content/uploads/2022/03/QMF-2-300x300.png" alt="" width="300" height="300" srcset="https://www.alliances-celestes.com/wp-content/uploads/2022/03/QMF-2-300x300.png 300w, https://www.alliances-celestes.com/wp-content/uploads/2022/03/QMF-2-100x100.png 100w, https://www.alliances-celestes.com/wp-content/uploads/2022/03/QMF-2-600x600.png 600w, https://www.alliances-celestes.com/wp-content/uploads/2022/03/QMF-2-150x150.png 150w, https://www.alliances-celestes.com/wp-content/uploads/2022/03/QMF-2-768x768.png 768w, https://www.alliances-celestes.com/wp-content/uploads/2022/03/QMF-2-1024x1024.png 1024w, https://www.alliances-celestes.com/wp-content/uploads/2022/03/QMF-2-500x500.png 500w, https://www.alliances-celestes.com/wp-content/uploads/2022/03/QMF-2-1536x1536.png 1536w, https://www.alliances-celestes.com/wp-content/uploads/2022/03/QMF-2-12x12.png 12w, https://www.alliances-celestes.com/wp-content/uploads/2022/03/QMF-2-480x480.png 480w, https://www.alliances-celestes.com/wp-content/uploads/2022/03/QMF-2-592x592.png 592w, https://www.alliances-celestes.com/wp-content/uploads/2022/03/QMF-2-240x240.png 240w, https://www.alliances-celestes.com/wp-content/uploads/2022/03/QMF-2.png 1700w" sizes="(max-width: 300px) 100vw, 300px" /></p>
<h2 style="text-align: center;"></h2>
<p>&nbsp;</p>
<h4 align="center"><strong>Les mystères du site archéologique Saint Blaise</strong></h4>
<p align="center">
<p align="center">
<h5><span lang="fr-FR">Rendez-vous entre 10 H et 10 H 30 </span><span lang="fr-FR">entrée de l’eglise </span><span lang="fr-FR"> de la Sainte-Famille </span></h5>
<h5> <span lang="fr-FR">33 Bd Victor Hugo, 13800 Istres </span></h5>
<h5> Coordonnée GPS pour la programmation du contact avec les celestes</h5>
<h5>43 ° 27 ‘ 43 ‘’ N</h5>
<h5> 4 ° 58 ’ 53 ’’ E</h5>
<h5> Tranche horaire du contact 11 H 00 – 18 H 00</h5>
<h5>Walking shoes, picnic, optional quartz crystal</h5>
<h5 align="justify"><strong>Participation aux frais d’organisation :Don libre en euro </strong></h5>
<p>&nbsp;</p>
<h5 align="left"></h5>
<p>&nbsp;</p>
<p>&nbsp;</p>
<p style="text-align: center;" align="left"><a href="https://www.isa-vision.com"><input id="boutondesign" type="button" value="More Information" /></a></p>

<p>&nbsp; Les mystères du site archéologique Saint Blaise Rendez-vous entre 10 H et 10 H 30 entrée de l’eglise de la Sainte-Famille  33 Bd Victor Hugo, 13800 Istres  Coordonnée GPS<a href="https://www.alliances-celestes.com/en/events/sortie-terrain-sur-les-traces-de-la-lignee-sacree-du-graal-104-360-360/" class="more-link"><span class="more-button">Continue reading<span class="screen-reader-text">Field trip - In the footsteps of the sacred Grail lineage and the Ancient Builders</span></span></a></p>
